i - 5. Let u(m) = -m + 3. Let f = -28 + 22. Let j(t) = f*p(t) - 10*u(t). Let n be (-1 + 2)*2 - 0. Calculate j(n).
-4
Suppose 5*v + 9 = -t, t = 15 - 14. Let d(a) = -2*a**3 - 3*a**2 - 2*a - 2. What is d(v)?
6
Let q(t) be the third derivative of 7*t**4/24 - t**3/6 - t**2 + 34*t. Give q(-1).
-8
Let z(m) = m**3 - 5*m**2 + 4*m + 4. Suppose -7*q = -5 - 23. Determine z(q).
4
Let f(x) = -x**2 - 10*x + 4. Suppose 12*w = -0*w - 120. Calculate f(w).
4
Let y(o) = 4*o**2 - o - 1. Let l(k) = -19*k**2 + 3*k - 19. Let m(t) = l(t) + 5*y(t). What is m(7)?
11
Let u(x) = -15*x - 1. Let a be (-3)/(-5) - (-94)/235. Calculate u(a).
-16
Let b = 91 + -97. Let a(x) be the second derivative of x**3/6 - 3*x. Calculate a(b).
-6
Suppose 4*s + 8 - 40 = 0. Let j be (-12)/(-2 - (-20)/s). Let v be 12/j*(-4 + 0). Let c(f) = 3*f - 2. Calculate c(v).
4
Let y(q) = q**2 - 6*q + 5. Suppose 18 = 2*x - 4*m, 4*x + 2*m + 2 = -2. Let f be 88/14 - ((-10)/14 + x). Determine y(f).
5
Let t = -224 + 222. Let y(d) be the first derivative of -d**3 + d**2/2 + 2*d + 8. Calculate y(t).
-12
Let m(j) = j**3 + 10*j**2 + 10*j - 10. Let r(z) = -z**3 + 23*z**2 - 42*z - 9. Let f be r(21). Determine m(f).
-19
Let o(r) = 5*r + 175. Let p be o(-35). Let i(m) = -m**3 - 2*m + 34. Determine i(p).
34
Suppose -4 = 4*s - 2*a + 6, -4*s + 3*a = 7. Let t(w) = -4*w - 5. What is t(s)?
11
Let u(w) = -w + 1. Let a be u(-4). Let h(m) be the second derivative of -16*m + 1/2*m**2 + 0 - 1/6*m**3. What is h(a)?
-4
Let f(u) be the first derivative of -2*u**3 - 3 + u - 1/4*u**4 - 3*u**2. Suppose -33 = 5*x - 8. What is f(x)?
6
Let f be 3 + 3*(-2)/6*1. Let u(k) = -5*k + 5. Determine u(f).
-5
Let o(f) = -3*f - 2. Let h = 2 + -1. Let p be o(h). Let j(t) = t**3 + 4*t**2 - 6*t - 1. Calculate j(p).
4
Let t(i) be the second derivative of -i**3/2 + 9*i**2/2 + 5*i. Let x be t(-9). Let c be (-7)/3 + 12/x. Let z(d) = -d - 4. What is z(c)?
-2
Let a(b) = -b + 38. Let f be a(41). Let o(x) = -x**3 - 2*x**2 + 4*x + 6. What is o(f)?
3
Let x(t) be the second derivative of 0 - 11/12*t**4 + 1/3*t**3 - 1/2*t**2 + 16*t. Give x(1).
-10
Suppose -4*x = 4*x - 16. Let i be ((-396)/187 + (-4)/(-34))/x. Let a(w) = -4*w**3 - 2*w - 1. Give a(i).
5
Let z(q) = -3*q + 3. Suppose 3*j + 20 = -2*w, -5*j = -4*w - j. Let k be 2*(6/(-15))/(w/10). What is z(k)?
-3
Suppose -3*p = -3*o, -2*p - 1 + 19 = 4*o. Suppose 0 = 3*c - p*f + 3, 0*f - 4*f = -3*c - 6. Let b(j) = 5*j - 4*j**2 - 8 - j**c + 5*j**2 - j**2. What is b(6)?
-14
Let w(i) be the first derivative of -3*i**2 - 4*i + 1/3*i**3 + 12. Calculate w(6).
-4
Let i(r) = -r**2 - 9*r - 11. Let h(s) be the second derivative of s**4/6 + 10*s**3/3 - 4*s**2 - 18*s. Let f be h(-10). Calculate i(f).
-3
Let k(f) = 2*f + 5. Suppose -i - 85 + 88 = 0. Calculate k(i).
11
Let a be (-2)/6 + 85/(-15). Let v(h) = -h**2 + 6. Let g(j) = -j**2 + j + 6. Let d(x) = 6*g(x) - 7*v(x). Give d(a).
-6
Let s = -211 - -211. Let b(d) = d**3 - 2*d**2 - d + 1. Determine b(s).
1
Let v(o) = -2*o + o - o**2 + 1 + 0*o. Let r(t) = -t**2 + t - 2. Let f(a) = -2*a**2 - 3*a - 8. Let l(g) = f(g) - 3*r(g). Let n be l(6). Give v(n).
-1
Let t(w) = -w**3 + 4*w**2 + 3*w + 7. Let l(q) = -57*q + 26 - 54*q + 113*q + 27. Let m be l(-24). Determine t(m).
-3
Let v(h) = h**3 + h**2 - 7*h + 1. Let u be v(-3). Let l(n) be the third derivative of 0 + 0*n**3 + n**2 - 1/6*n**u + 1/60*n**5 + 0*n. Calculate l(5).
5
Let d(r) = r**3 - 6*r**2 + 2*r - 9. Suppose -6*c + 2*c = -24. Let n be d(c). Let j(q) = 91 - 46 - 46 + 3*q - q. Give j(n).
5
Let p(m) = 3*m**2 - 6*m - 4. Let n(x) = -x**2. Let l(q) = 2*n(q) + p(q). Suppose 4*j + 0*j - 208 = 0. Let i = 58 - j. Determine l(i).
-4
Let g(i) be the third derivative of i**5/10 - i**4/12 + i**3/6 + 128*i**2 - 8. Suppose -5*t = -3*v - 2, -6*v = -5*v - t. Determine g(v).
5
Let f = -125 + 68. Let k be (-190)/f*(8 - -1). Let g = k - 29. Let d(i) = 5*i**3 + i**2 + i - 1. Calculate d(g).
6
Let n(m) = -6*m + 20. Let i be (-31)/3 + (-12)/18. Let d(r) = r - 4. Let b(g) = i*d(g) - 2*n(g). Determine b(-5).
-1
Suppose -4*v - 2*n = -42, -v = 3*n + 9 - 22. Suppose 3*q = 1 - v. Let x(b) be the first derivative of b**4/2 + b**3 - 5*b**2/2 - 3*b - 1. Determine x(q).
-15
Let c(i) = -2*i + 21. Let g be c(9). Let w(h) = 1 + g*h - 5 + 5. Calculate w(-3).
-8
Let z(l) = 2*l**3 + 14*l**2 - 8*l + 66. Let p be z(-8). Let q(s) = -s**3 + 5*s**2 - 2*s - 1. What is q(p)?
7
Let w(r) be the first derivative of -3*r**4/4 - r**3/3 + r**2 + 3*r - 191. Give w(-2).
19
Let a(n) be the second derivative of -n**3/6 + 2*n**2 + 5*n - 12. What is a(3)?
1
Let c(q) = 2*q - 14. Let y be c(10). Let h be (-39)/(-15) + y/(-10). Let d(b) = -b**2 - b. Let a(o) = o**2 + 5*o + 2. Let t(j) = a(j) + 3*d(j). What is t(h)?
-2
Let k be 0/(-1) + 8/2. Suppose k*v = 4 - 0. Let a(g) be the second derivative of -4*g**3/3 - g**2/2 + g. Give a(v).
-9
Let l(c) = -19*c**2 + c - 1. Let v = 640 - 639. Give l(v).
-19
Let t(d) = d**2 - 4*d + 4. Let r be t(7). Suppose -2*x + 3 - r = 0. Let m = 12 + x. Let g(j) = 3*j**3 - 2*j + 1. What is g(m)?
2
Let i(q) = -2*q - 40. Let b(t) = -t - 26. Let c(n) = -8*b(n) + 5*i(n). What is c(7)?
-6
Let l(c) = -c**2 + 8*c - 6. Let z(u) = u + 24. Let y be z(0). Let g = -19 + y. What is l(g)?
9
Let o(p) = p**3 + 2*p**2 + p - 2. Let s = 37 + 23. Let c = 58 - s. Calculate o(c).
-4
Suppose -6*j = -8*j + 6. Suppose -j*w - 3*h + 15 = 0, -3*h + 4 = -3*w + 1. Suppose 2*c = -4, -2*c - 1 = -n - w. Let q(i) = i**2 + 5*i + 5. Determine q(n).
5
Suppose -7*j = -16 + 2. Let x(z) = -4*z**2 + z. Give x(j).
-14
Let f = 2 + 3. Suppose -f*a = -2 - 13. Let t(r) = -3*r**a - 5*r**2 - 3*r**3 + 5*r**3 - 2*r + 3. Give t(-4).
-5
Let n(t) = t - 9. Let s(p) = -p**3 + 7*p**2 - 15*p + 35. Let q be s(5). Give n(q).
1
Let o be -1*(8 - (-2 + -1)/(-1)). Let p be o/(-1 - -2) + 0. Let m(v) = -v**2 - 4*v - 3. Calculate m(p).
-8
Let q = 2 - -9. Let c(a) = -1. Let k(y) = y**2 - 12*y - 1. Let f(d) = 5*c(d) - k(d). Determine f(q).
7
Suppose 3*a - 6 = 0, 5*a = 7*o - 3*o + 46. Let d(h) = h**3 + 10*h**2 + 10*h + 11. Calculate d(o).
2
Let o = 11 - 7. Let p(x) = -5*x + 2. Let i(q) = -14*q + 6. Let n(w) = o*i(w) - 11*p(w). What is n(-5)?
7
Let s(h) = 3*h**2 + 2*h - 1. Suppose -71 = 19*x - 14. Suppose 5*v - 7 = 3*b, -4*b = -7*b - 12. Let y be x - v - -3*1. Determine s(y).
4
Suppose 0 = i + 5*a - 38, 0 = 4*i - 9*i - 2*a + 121. Let s(j) = 35*j**3 - 1 - i*j**3 + 1. Determine s(-1).
-12
Let j(a) be the second derivative of a**5/20 - 5*a**4/12 - a**3 - 3*a**2 + 6*a - 38. Determine j(5).
-36
Let i be (-4)/10 + 399/(-15). Let f = i + 20. Let k(u) = -u**3 - 7*u**2 + 4. Determine k(f).
4
Let x(y) = -2*y**2 + 2 - y**2 + 2*y**2 - 3*y. Suppose -4*c + 0*c + 3*a = -55, 2*a - 22 = -c. Suppose 3*w + 12 + 5 = -5*r, -4*w + c = -3*r. Calculate x(r).
-2
Let n = 1 + -1. Suppose 3*m + n = -9. Let y(z) = 27*z**2 + 4*z - 1. Let o(q) = 5*q**2 + q. Let j(p) = 11*o(p) - 2*y(p). Calculate j(m).
2
Let o(n) = -n - 4. Let t(s) = 1. Let z(d) = 12. Let w = 1 + 14. Let r(y) = w*t(y) - z(y). Let j(p) = 4*o(p) + 5*r(p). Give j(-1).
3
Let r(n) = n**2 - 7*n + 7. Suppose 7*y = -135 + 198. Give r(y).
25
Suppose 4*k + 8 = -4*l - 12, 0 = -3*l + 3*k - 9. Let i be (1 + 0)/(l/12). Let z(c) be the third derivative of -c**4/24 + c**3/6 + 2*c**2. Calculate z(i).
4
Let y be (3 - 12)/(-3) + -5. Let i(w) = w**2 + w - 1. Let l(p) = 2*p**2 - 2. Let h(a) = y*l(a) + 3*i(a). Calculate h(4).
-3
Suppose -n + 6*n = 25. Let v(m) = 4 - 7 - m + 13 - 5. What is v(n)?
0
Let l = -1553 + 1542. Let z(o) = -o**3 - 11*o**2 - o + 13. Determine z(l).
24
Let x(r) = -r**3 - 2*r**2 - 2*r - 1. Let d(y) = -6*y**2 - 15*y + 15. Let b be d(-7). Let z be 116/b - (-1)/((-3)/7). Calculate x(z).
14
Let q(p) = -5*p**3 - 3 - 2*p**2 + 18*p**3 - 28*p - 12*p**3 + 32*p. Suppose 5*h + 3 = 13. Calculate q(h).
5
Let n(l) = 25 - 6 + 4*l - 3 - 11. Calculate n(-8).
-27
Let z(j) = -j - 8. Let y be z(-4). Let m(q) = -69*q**3 - 4*q**2 - 3*q. Let h(i) = -379*i**3 - 20*i**2 - 15*i + 1. Let o(t) = 2*h(t) - 11*m(t). What is o(y)?
-10
Let m(x) = 11*x**2 + 8*x + 16. Let h(j) = 2*j**2 + j + 3. Let n(k) = -4*h(k) + m(k). Give n(-2).
8
Let w be (-20)/2*(-1)/(-2). Let k(n) = -n**3 - 8*n**2 - 4*n + 3. Let z(d) = -d**3 - 9*d**2 - 5*d + 3. Let s(l) = -3*k(l) + 2*z(l). Give s(w).
12
Let j = -11 + 4. Let h = j + 10. Let d(y) = 3*y**2 - 3*